False
Does 7 divide 28849989?
True
Is 13 a factor of 125778549?
True
Is 33 a factor of 6477894?
False
Does 200 divide 5444600?
True
Does 43 divide 564019046?
True
Is 7245763 a multiple of 19?
False
Is 311927079 a multiple of 228?
False
Is 2121761590 a multiple of 1205?
True
Does 9 divide 150003331?
False
Is 8 a factor of 852756258?
False
Is 1044562112 a multiple of 725?
False
Is 2432 a factor of 2431946496?
True
Is 391 a factor of 9133071?
False
Does 35 divide 35143585?
False
Is 342621962 a multiple of 700?
False
Is 112 a factor of 36037459?
False
Does 243 divide 794816550?
True
Does 47 divide 1139844?
True
Does 497 divide 355309108?
False
Does 183 divide 186227991?
False
Is 2699028 a multiple of 108?
True
Is 218949044 a multiple of 729?
False
Does 27 divide 72890604?
True
Does 367 divide 459379038?
True
Is 30819072 a multiple of 64?
True
Is 7 a factor of 160420365?
True
Does 69 divide 321137385?
True
Is 163 a factor of 98140389?
False
Is 136039800 a multiple of 75?
True
Is 145 a factor of 32342975?
True
Is 116569348 a multiple of 34?
False
Does 6533 divide 1513334754?
False
Is 1765619984 a multiple of 241?
True
Is 815744084 a multiple of 954?
False
Is 18 a factor of 339713226?
True
Is 2764478077 a multiple of 246?
False
Does 379 divide 488292230?
True
Is 9774255 a multiple of 7?
False
Does 8691 divide 645680463?
True
Is 1813 a factor of 15925392?
True
Is 3 a factor of 215126517?
True
Does 618 divide 156696181?
False
Does 93 divide 20212155?
True
Is 20443414 a multiple of 11?
False
Does 113 divide 22557851?
True
Is 30 a factor of 34680060?
True
Is 3586216159 a multiple of 5785?
False
Is 128957763 a multiple of 25?
False
Does 17 divide 1437291163?
True
Is 9 a factor of 2298253692?
False
Is 78643719 a multiple of 693?
True
Is 5088948 a multiple of 635?
False
Does 1404 divide 6248480?
False
Is 49 a factor of 1476064681?
True
Is 399 a factor of 1576914633?
True
Does 612 divide 638507018?
False
Is 98 a factor of 7637924?
True
Is 1964830560 a multiple of 55?
True
Is 67 a factor of 11107863?
True
Does 17 divide 330796404?
True
Is 2334269298 a multiple of 9?
False
Is 409 a factor of 3701657525?
False
Is 103746042 a multiple of 19?
True
Does 13 divide 62309?
True
Is 2416154923 a multiple of 203?
True
Is 116 a factor of 410542908?
True
Is 19 a factor of 7498727?
False
Is 17 a factor of 1702992442?
True
Is 10424414 a multiple of 1397?
True
Is 15811938 a multiple of 9?
True
Does 37 divide 49615298?
True
Is 16616647 a multiple of 59?
False
Does 765 divide 4003474958?
False
Is 40401060 a multiple of 26?
False
Is 26 a factor of 37293100?
True
Is 187980350 a multiple of 74?
True
Is 159 a factor of 373120530?
True
Is 5 a factor of 7465645?
True
Is 8521 a factor of 648993444?
True
Is 785311608 a multiple of 157?
False
Does 25 divide 194793819?
False
Does 12 divide 15042269?
False
Does 950 divide 89386450?
True
Is 66704120 a multiple of 17?
False
Is 37577694 a multiple of 53?
False
Is 43400351 a multiple of 336?
False
Does 238 divide 23992387?
False
Does 16 divide 23352656?
True
Is 56747508 a multiple of 221?
False
Is 378 a factor of 44630082?
True
Does 403 divide 42478215?
True
Does 85 divide 28499310?
True
Is 336 a factor of 409777200?
True
Is 3027813 a multiple of 222?
False
Is 522 a factor of 52898929?
False
Is 29889356 a multiple of 2527?
True
Does 3115 divide 88833570?
True
Is 241958507 a multiple of 287?
True
Does 12 divide 12570852?
True
Does 1504 divide 347120830?
False
Is 467109000 a multiple of 360?
True
Is 578 a factor of 138124442?
False
Does 434 divide 17675416?
False
Does 10677 divide 1295683671?
False
Is 148 a factor of 27186416?
True
Is 2518391 a multiple of 6?
False
Is 179663347 a multiple of 80?
False
Does 28 divide 7229209?
False
Does 588 divide 34131777?
False
Is 390895057 a multiple of 333?
False
Is 354265792 a multiple of 11?
False
Is 100629677 a multiple of 3?
False
Does 7423 divide 587612103?
True
Does 112 divide 294743792?
True
Does 166 divide 10412085?
False
Does 63 divide 1641180114?
True
Is 776419104 a multiple of 48?
True
Is 10 a factor of 620520340?
True
Does 15 divide 2232321630?
True
Is 270 a factor of 6850953?
False
Is 848 a factor of 183715014?
False
Is 2710676088 a multiple of 44?
False
Is 2154473 a multiple of 4?
False
Is 49 a factor of 49420616?
True
Does 20 divide 432095420?
True
Is 29 a factor of 166295524?
False
Is 14 a factor of 28665452?
False
Is 189 a factor of 10848789?
True
Is 3457073 a multiple of 411?
False
Does 8 divide 786037528?
True
Does 29 divide 574226598?
False
Is 6 a factor of 18393732?
True
Does 2490 divide 17037056?
False
Does 194 divide 28666817?
False
Does 30 divide 329360729?
False
Does 7 divide 321965570?
False
Is 4822 a factor of 484592657?
False
Is 87263190 a multiple of 30?
True
Does 7 divide 5707212?
True
Is 23390894 a multiple of 347?
False
Does 6362 divide 235387638?
True
Is 6025000 a multiple of 1250?
True
Is 2326255764 a multiple of 3074?
False
Does 4601 divide 31552180?
False
Is 61 a factor of 1951491748?
True
Does 347 divide 53791940?
True
Is 832 a factor of 455989248?
True
Is 3679 a factor of 16018366?
True
Does 3304 divide 284689160?
True
Is 5 a factor of 17326145?
True
Is 31997101 a multiple of 1296?
False
Is 19 a factor of 3282106151?
True
Does 524 divide 60293536?
True
Is 7816 a factor of 3040611584?
True
Does 869 divide 177258349?
False
Is 126 a factor of 117521460?
True
Does 59 divide 95122109?
False
Is 33236529 a multiple of 57?
True
Is 1399 a factor of 25811550?
True
Does 4 divide 388577150?
False
Is 275 a factor of 2606609593?
False
Does 53 divide 44916016?
True
Is 1665709250 a multiple of 145?
True
Is 394078320 a multiple of 619?
False
Is 16 a factor of 5923524?
False
Is 58697901 a multiple of 67?
False
Does 75 divide 32537925?
True
Is 225 a factor of 12167749?
False
Is 492750173 a multiple of 32?
False
Is 21293944 a multiple of 56?
True
Is 19705465 a multiple of 97?
False
Does 16 divide 3689751872?
True
Is 3567765438 a multiple of 61?
True
Is 67311218 a multiple of 709?
False
Is 15 a factor of 22256715?
True
Is 14 a factor of 268073898?
False
Is 9 a factor of 59387269?
False
Is 34421782 a multiple of 102?
False
Is 260210392 a multiple of 246?
False
Does 549 divide 438386600?
False
Is 20 a factor of 47513782?
False
Does 57 divide 1714845?
True
Is 1825 a factor of 2582618340?
False
Does 62 divide 45273454?
True
Is 2743242 a multiple of 46?
False
Is 85565208 a multiple of 186?
True
Does 12 divide 8528496?
True
Is 204923238 a multiple of 275?
False
Is 10877945 a multiple of 2?
False
Does 1466 divide 247817038?
True
Is 696 a factor of 1087742904?
True
Is 701834004 a multiple of 12?
True
Is 554591934 a multiple of 54?
True
Is 12 a factor of 98571168?
True
Is 10788790 a multiple of 22?
False
Is 1187899390 a multiple of 7?
False
Is 124808515 a multiple of 1209?
False
Is 349 a factor of 680785956?
False
Is 12 a factor of 11718487?
False
Is 13 a factor of 11924105?
False
Is 769676149 a multiple of 451?
True
Is 1365900 a multiple of 50?
True
Does 190 divide 120881236?
False
Is 9100732 a multiple of 354?
False
Is 313 a factor of 1775561047?
True
Is 37 a factor of 14983012?
False
Is 1374477542 a multiple of 43?
True
Does 1069 divide 75337775?
True
Is 1603423 a multiple of 257?
True
Is 11 a factor of 14889067?
False
Is 6 a factor of 64446072?
True
Is 5 a factor of 2270942?
False
Is 512649878 a multiple of 12?
False
Does 544 divide 35282752?
True
Is 1535997654 a multiple of 9?
True
Is 1003253730 a multiple of 15?
True
Is 52859104 a multiple of 978?
False
Is 20786702 a multiple of 84?
False
Is 196 a factor of 48882983?
False
Is 58690100 a multiple of 28?
True
Is 296246430 a multiple of 153?
False
Is 4242 a factor of 1750444332?
True
Is 26 a factor of 145422940?
True
Is 40915200 a multiple of 384?
True
Does 113 divide 317183549?
False
Is 57 a factor of 69307734?
False
Is 193262686 a multiple of 306?
False
Does 2285 divide 82063490?
True
Does 282 divide 1343059881?
False
Is 1257624324 a multiple of 784?
False
Is 33 a factor of 193350206?
False
Is 21561822 a multiple of 54?
True
Does 2 divide 1002164?
True
Is 214 a factor of 35234244?
True
Is 25950210 a multiple of 39?
True
Is 150 a factor of 14398800?
True
Is 82 a factor of 705623612?
True
Is 5659367 a multiple of 1525?
False
Is 911395331 a m